42.200.149.10 - - [09/Dec/2023:17:06:01 +0800] "GET /webadmin/order_index.php?code=&customer_code=&customer_name=&customer_tel=3580&order_room=&status=&startdate_min=&startdate_max=&createdate_min=&createdate_max=&filter=1&msg=%E5%8F%96%E6%B6%88 HTTP/1.1" 200 333 "http://innoutwinecellar.com/webadmin/deposit_modifyform.php?id=8619" "Mozilla/5.0 (Windows NT 10.0; Win64; x64) AppleWebKit/537.36 (KHTML, like Gecko) Chrome/119.0.0.0 Safari/537.36"
42.200.149.10 - - [09/Dec/2023:17:06:14 +0800] "GET /webadmin/login.php HTTP/1.1" 302 20 "-" "Mozilla/5.0 (Windows NT 10.0; Win64; x64) AppleWebKit/537.36 (KHTML, like Gecko) Chrome/119.0.0.0 Safari/537.36"
42.200.149.10 - - [09/Dec/2023:17:06:14 +0800] "GET /webadmin/index.php HTTP/1.1" 302 20 "-" "Mozilla/5.0 (Windows NT 10.0; Win64; x64) AppleWebKit/537.36 (KHTML, like Gecko) Chrome/119.0.0.0 Safari/537.36"
42.200.149.10 - - [09/Dec/2023:17:06:15 +0800] "GET /webadmin/mainpage.php HTTP/1.1" 200 332 "-" "Mozilla/5.0 (Windows NT 10.0; Win64; x64) AppleWebKit/537.36 (KHTML, like Gecko) Chrome/119.0.0.0 Safari/537.36"
42.200.149.10 - - [09/Dec/2023:17:06:23 +0800] "GET /webadmin/index.php HTTP/1.1" 302 20 "http://innoutwinecellar.com/webadmin/room_index.php?location_id=1" "Mozilla/5.0 (Windows NT 10.0; Win64; x64) AppleWebKit/537.36 (KHTML, like Gecko) Chrome/119.0.0.0 Safari/537.36"
42.200.149.10 - - [09/Dec/2023:17:06:23 +0800] "GET /webadmin/mainpage.php HTTP/1.1" 200 2204 "http://innoutwinecellar.com/webadmin/room_index.php?location_id=1" "Mozilla/5.0 (Windows NT 10.0; Win64; x64) AppleWebKit/537.36 (KHTML, like Gecko) Chrome/119.0.0.0 Safari/537.36"
42.200.149.10 - - [09/Dec/2023:17:06:26 +0800] "GET /webadmin/mainpage.php HTTP/1.1" 200 2204 "http://innoutwinecellar.com/webadmin/room_index.php?location_id=1" "Mozilla/5.0 (Windows NT 10.0; Win64; x64) AppleWebKit/537.36 (KHTML, like Gecko) Chrome/119.0.0.0 Safari/537.36"
42.200.149.10 - - [09/Dec/2023:17:06:31 +0800] "GET /webadmin/mainpage.php HTTP/1.1" 200 2204 "http://innoutwinecellar.com/webadmin/room_index.php?location_id=1" "Mozilla/5.0 (Windows NT 10.0; Win64; x64) AppleWebKit/537.36 (KHTML, like Gecko) Chrome/119.0.0.0 Safari/537.36"
42.200.149.10 - - [09/Dec/2023:17:07:16 +0800] "GET /webadmin/mainpage.php HTTP/1.1" 200 332 "-" "Mozilla/5.0 (Windows NT 10.0; Win64; x64) AppleWebKit/537.36 (KHTML, like Gecko) Chrome/119.0.0.0 Safari/537.36"
42.200.149.10 - - [09/Dec/2023:17:07:19 +0800] "GET /webadmin/mainpage.php HTTP/1.1" 200 2204 "-" "Mozilla/5.0 (Windows NT 10.0; Win64; x64) AppleWebKit/537.36 (KHTML, like Gecko) Chrome/119.0.0.0 Safari/537.36"
49.131.208.171 - - [09/Dec/2023:17:07:20 +0800] "GET /webadmin/room_index.php?location_id=5 HTTP/1.1" 302 20 "-" "Mozilla/5.0 (iPhone; CPU iPhone OS 17_1_2 like Mac OS X) AppleWebKit/605.1.15 (KHTML, like Gecko) Version/17.1.2 Mobile/15E148 Safari/604.1"
49.131.208.171 - - [09/Dec/2023:17:07:20 +0800] "GET /webadmin/login.php HTTP/1.1" 200 778 "-" "Mozilla/5.0 (iPhone; CPU iPhone OS 17_1_2 like Mac OS X) AppleWebKit/605.1.15 (KHTML, like Gecko) Version/17.1.2 Mobile/15E148 Safari/604.1"
49.131.208.171 - - [09/Dec/2023:17:07:20 +0800] "GET /webadmin/images/logo.png HTTP/1.1" 200 3525 "http://innoutwinecellar.com/webadmin/login.php" "Mozilla/5.0 (iPhone; CPU iPhone OS 17_1_2 like Mac OS X) AppleWebKit/605.1.15 (KHTML, like Gecko) Version/17.1.2 Mobile/15E148 Safari/604.1"
49.131.208.171 - - [09/Dec/2023:17:07:20 +0800] "GET /webadmin/images/login_topf.jpg HTTP/1.1" 200 965 "http://innoutwinecellar.com/webadmin/login.php" "Mozilla/5.0 (iPhone; CPU iPhone OS 17_1_2 like Mac OS X) AppleWebKit/605.1.15 (KHTML, like Gecko) Version/17.1.2 Mobile/15E148 Safari/604.1"
49.131.208.171 - - [09/Dec/2023:17:07:20 +0800] "GET /webadmin/images/login_footerf.jpg HTTP/1.1" 200 1005 "http://innoutwinecellar.com/webadmin/login.php" "Mozilla/5.0 (iPhone; CPU iPhone OS 17_1_2 like Mac OS X) AppleWebKit/605.1.15 (KHTML, like Gecko) Version/17.1.2 Mobile/15E148 Safari/604.1"
49.131.208.171 - - [09/Dec/2023:17:07:20 +0800] "GET /webadmin/images/login_line.jpg HTTP/1.1" 200 1174 "http://innoutwinecellar.com/webadmin/login.php" "Mozilla/5.0 (iPhone; CPU iPhone OS 17_1_2 like Mac OS X) AppleWebKit/605.1.15 (KHTML, like Gecko) Version/17.1.2 Mobile/15E148 Safari/604.1"
42.200.149.10 - - [09/Dec/2023:17:07:20 +0800] "GET /webadmin/mainpage.php HTTP/1.1" 200 2204 "-" "Mozilla/5.0 (Windows NT 10.0; Win64; x64) AppleWebKit/537.36 (KHTML, like Gecko) Chrome/119.0.0.0 Safari/537.36"
42.200.149.10 - - [09/Dec/2023:17:07:21 +0800] "GET /webadmin/mainpage.php HTTP/1.1" 200 2204 "-" "Mozilla/5.0 (Windows NT 10.0; Win64; x64) AppleWebKit/537.36 (KHTML, like Gecko) Chrome/119.0.0.0 Safari/537.36"
49.131.208.171 - - [09/Dec/2023:17:07:21 +0800] "GET /favicon.ico HTTP/1.1" 404 183 "http://innoutwinecellar.com/webadmin/login.php" "Mozilla/5.0 (iPhone; CPU iPhone OS 17_1_2 like Mac OS X) AppleWebKit/605.1.15 (KHTML, like Gecko) Version/17.1.2 Mobile/15E148 Safari/604.1"
42.200.149.10 - - [09/Dec/2023:17:07:23 +0800] "GET /webadmin/mainpage.php HTTP/1.1" 200 332 "-" "Mozilla/5.0 (Windows NT 10.0; Win64; x64) AppleWebKit/537.36 (KHTML, like Gecko) Chrome/119.0.0.0 Safari/537.36"
42.200.149.10 - - [09/Dec/2023:17:07:45 +0800] "GET /webadmin/mainpage.php HTTP/1.1" 200 2204 "-" "Mozilla/5.0 (Windows NT 10.0; Win64; x64) AppleWebKit/537.36 (KHTML, like Gecko) Chrome/119.0.0.0 Safari/537.36"
42.200.149.10 - - [09/Dec/2023:17:07:47 +0800] "GET /webadmin/room_index.php HTTP/1.1" 302 20 "http://innoutwinecellar.com/webadmin/mainpage.php" "Mozilla/5.0 (Windows NT 10.0; Win64; x64) AppleWebKit/537.36 (KHTML, like Gecko) Chrome/119.0.0.0 Safari/537.36"
42.200.149.10 - - [09/Dec/2023:17:07:47 +0800] "GET /webadmin/room_index.php?location_id=1 HTTP/1.1" 200 4415 "http://innoutwinecellar.com/webadmin/mainpage.php" "Mozilla/5.0 (Windows NT 10.0; Win64; x64) AppleWebKit/537.36 (KHTML, like Gecko) Chrome/119.0.0.0 Safari/537.36"
42.200.149.10 - - [09/Dec/2023:17:07:49 +0800] "GET /webadmin/room_index.php?location_id=16 HTTP/1.1" 200 4917 "http://innoutwinecellar.com/webadmin/room_index.php?location_id=1" "Mozilla/5.0 (Windows NT 10.0; Win64; x64) AppleWebKit/537.36 (KHTML, like Gecko) Chrome/119.0.0.0 Safari/537.36"
42.200.149.10 - - [09/Dec/2023:17:07:53 +0800] "GET /webadmin/room_index.php HTTP/1.1" 302 20 "http://innoutwinecellar.com/webadmin/mainpage.php" "Mozilla/5.0 (Windows NT 10.0; Win64; x64) AppleWebKit/537.36 (KHTML, like Gecko) Chrome/119.0.0.0 Safari/537.36"
42.200.149.10 - - [09/Dec/2023:17:07:53 +0800] "GET /webadmin/room_index.php?location_id=1 HTTP/1.1" 200 4415 "http://innoutwinecellar.com/webadmin/mainpage.php" "Mozilla/5.0 (Windows NT 10.0; Win64; x64) AppleWebKit/537.36 (KHTML, like Gecko) Chrome/119.0.0.0 Safari/537.36"
42.200.149.10 - - [09/Dec/2023:17:07:57 +0800] "GET /webadmin/room_index.php?location_id=14 HTTP/1.1" 200 4995 "http://innoutwinecellar.com/webadmin/room_index.php?location_id=1" "Mozilla/5.0 (Windows NT 10.0; Win64; x64) AppleWebKit/537.36 (KHTML, like Gecko) Chrome/119.0.0.0 Safari/537.36"
42.200.149.10 - - [09/Dec/2023:17:08:01 +0800] "GET /webadmin/mainpage.php HTTP/1.1" 200 2204 "-" "Mozilla/5.0 (Windows NT 10.0; Win64; x64) AppleWebKit/537.36 (KHTML, like Gecko) Chrome/119.0.0.0 Safari/537.36"
42.200.149.10 - - [09/Dec/2023:17:08:02 +0800] "GET /webadmin/mainpage.php HTTP/1.1" 200 332 "-" "Mozilla/5.0 (Windows NT 10.0; Win64; x64) AppleWebKit/537.36 (KHTML, like Gecko) Chrome/119.0.0.0 Safari/537.36"
42.200.149.10 - - [09/Dec/2023:17:08:06 +0800] "GET /webadmin/mainpage.php HTTP/1.1" 200 332 "-" "Mozilla/5.0 (Windows NT 10.0; Win64; x64) AppleWebKit/537.36 (KHTML, like Gecko) Chrome/119.0.0.0 Safari/537.36"
42.200.149.10 - - [09/Dec/2023:17:08:06 +0800] "GET /webadmin/mainpage.php HTTP/1.1" 200 332 "-" "Mozilla/5.0 (Windows NT 10.0; Win64; x64) AppleWebKit/537.36 (KHTML, like Gecko) Chrome/119.0.0.0 Safari/537.36"
14.0.159.167 - - [09/Dec/2023:17:08:07 +0800] "GET /webadmin/room_index.php?location_id=14 HTTP/1.1" 200 4995 "http://innoutwinecellar.com/webadmin/room_index.php?location_id=16" "Mozilla/5.0 (Linux; Android 10; K) AppleWebKit/537.36 (KHTML, like Gecko) Chrome/120.0.0.0 Mobile Safari/537.36"
42.200.149.10 - - [09/Dec/2023:17:08:14 +0800] "GET /webadmin/mainpage.php HTTP/1.1" 200 2204 "-" "Mozilla/5.0 (Windows NT 10.0; Win64; x64) AppleWebKit/537.36 (KHTML, like Gecko) Chrome/119.0.0.0 Safari/537.36"
42.200.149.10 - - [09/Dec/2023:17:07:58 +0800] "GET /webadmin/floor_plan.php?location_id=14 HTTP/1.1" 200 66133 "http://innoutwinecellar.com/webadmin/room_index.php?location_id=14" "Mozilla/5.0 (Windows NT 10.0; Win64; x64) AppleWebKit/537.36 (KHTML, like Gecko) Chrome/119.0.0.0 Safari/537.36"
42.200.149.10 - - [09/Dec/2023:17:08:16 +0800] "GET /webadmin/room_index.php HTTP/1.1" 302 20 "http://innoutwinecellar.com/webadmin/mainpage.php" "Mozilla/5.0 (Windows NT 10.0; Win64; x64) AppleWebKit/537.36 (KHTML, like Gecko) Chrome/119.0.0.0 Safari/537.36"
42.200.149.10 - - [09/Dec/2023:17:08:16 +0800] "GET /webadmin/room_index.php?location_id=1 HTTP/1.1" 200 4415 "http://innoutwinecellar.com/webadmin/mainpage.php" "Mozilla/5.0 (Windows NT 10.0; Win64; x64) AppleWebKit/537.36 (KHTML, like Gecko) Chrome/119.0.0.0 Safari/537.36"
42.200.149.10 - - [09/Dec/2023:17:08:17 +0800] "GET /webadmin/room_index.php?location_id=7 HTTP/1.1" 200 4554 "http://innoutwinecellar.com/webadmin/room_index.php?location_id=1" "Mozilla/5.0 (Windows NT 10.0; Win64; x64) AppleWebKit/537.36 (KHTML, like Gecko) Chrome/119.0.0.0 Safari/537.36"
42.200.149.10 - - [09/Dec/2023:17:08:25 +0800] "GET /webadmin/mainpage.php HTTP/1.1" 200 2204 "-" "Mozilla/5.0 (Windows NT 10.0; Win64; x64) AppleWebKit/537.36 (KHTML, like Gecko) Chrome/119.0.0.0 Safari/537.36"
14.0.159.167 - - [09/Dec/2023:17:08:08 +0800] "GET /webadmin/floor_plan.php?location_id=14 HTTP/1.1" 200 66133 "http://innoutwinecellar.com/webadmin/room_index.php?location_id=14" "Mozilla/5.0 (Linux; Android 10; K) AppleWebKit/537.36 (KHTML, like Gecko) Chrome/120.0.0.0 Mobile Safari/537.36"
49.131.208.171 - - [09/Dec/2023:17:08:31 +0800] "POST /webadmin/login.php HTTP/1.1" 302 20 "http://innoutwinecellar.com/webadmin/login.php" "Mozilla/5.0 (iPhone; CPU iPhone OS 17_1_2 like Mac OS X) AppleWebKit/605.1.15 (KHTML, like Gecko) Version/17.1.2 Mobile/15E148 Safari/604.1"
49.131.208.171 - - [09/Dec/2023:17:08:31 +0800] "GET /webadmin/index.php HTTP/1.1" 302 20 "http://innoutwinecellar.com/webadmin/login.php" "Mozilla/5.0 (iPhone; CPU iPhone OS 17_1_2 like Mac OS X) AppleWebKit/605.1.15 (KHTML, like Gecko) Version/17.1.2 Mobile/15E148 Safari/604.1"
49.131.208.171 - - [09/Dec/2023:17:08:32 +0800] "GET /webadmin/mainpage.php HTTP/1.1" 200 2204 "http://innoutwinecellar.com/webadmin/login.php" "Mozilla/5.0 (iPhone; CPU iPhone OS 17_1_2 like Mac OS X) AppleWebKit/605.1.15 (KHTML, like Gecko) Version/17.1.2 Mobile/15E148 Safari/604.1"
49.131.208.171 - - [09/Dec/2023:17:08:32 +0800] "GET /webadmin/js/jquery-1.11.1.min.js HTTP/1.1" 200 33225 "http://innoutwinecellar.com/webadmin/mainpage.php" "Mozilla/5.0 (iPhone; CPU iPhone OS 17_1_2 like Mac OS X) AppleWebKit/605.1.15 (KHTML, like Gecko) Version/17.1.2 Mobile/15E148 Safari/604.1"
49.131.208.171 - - [09/Dec/2023:17:08:32 +0800] "GET /webadmin/css/style.css HTTP/1.1" 200 1326 "http://innoutwinecellar.com/webadmin/mainpage.php" "Mozilla/5.0 (iPhone; CPU iPhone OS 17_1_2 like Mac OS X) AppleWebKit/605.1.15 (KHTML, like Gecko) Version/17.1.2 Mobile/15E148 Safari/604.1"
49.131.208.171 - - [09/Dec/2023:17:08:32 +0800] "GET /webadmin/js/jquery-migrate-1.2.1.min.js HTTP/1.1" 200 3063 "http://innoutwinecellar.com/webadmin/mainpage.php" "Mozilla/5.0 (iPhone; CPU iPhone OS 17_1_2 like Mac OS X) AppleWebKit/605.1.15 (KHTML, like Gecko) Version/17.1.2 Mobile/15E148 Safari/604.1"
49.131.208.171 - - [09/Dec/2023:17:08:32 +0800] "GET /webadmin/js/jquery-ui-1.11.4/jquery-ui.theme.min.css HTTP/1.1" 200 2414 "http://innoutwinecellar.com/webadmin/mainpage.php" "Mozilla/5.0 (iPhone; CPU iPhone OS 17_1_2 like Mac OS X) AppleWebKit/605.1.15 (KHTML, like Gecko) Version/17.1.2 Mobile/15E148 Safari/604.1"
49.131.208.171 - - [09/Dec/2023:17:08:32 +0800] "GET /webadmin/js/jquery-ui-1.11.4/jquery-ui.css HTTP/1.1" 200 8291 "http://innoutwinecellar.com/webadmin/mainpage.php" "Mozilla/5.0 (iPhone; CPU iPhone OS 17_1_2 like Mac OS X) AppleWebKit/605.1.15 (KHTML, like Gecko) Version/17.1.2 Mobile/15E148 Safari/604.1"
49.131.208.171 - - [09/Dec/2023:17:08:32 +0800] "GET /webadmin/css/menu.css HTTP/1.1" 200 635 "http://innoutwinecellar.com/webadmin/mainpage.php" "Mozilla/5.0 (iPhone; CPU iPhone OS 17_1_2 like Mac OS X) AppleWebKit/605.1.15 (KHTML, like Gecko) Version/17.1.2 Mobile/15E148 Safari/604.1"
49.131.208.171 - - [09/Dec/2023:17:08:32 +0800] "GET /webadmin/js/ddaccordion.js HTTP/1.1" 200 4319 "http://innoutwinecellar.com/webadmin/mainpage.php" "Mozilla/5.0 (iPhone; CPU iPhone OS 17_1_2 like Mac OS X) AppleWebKit/605.1.15 (KHTML, like Gecko) Version/17.1.2 Mobile/15E148 Safari/604.1"
49.131.208.171 - - [09/Dec/2023:17:08:32 +0800] "GET /webadmin/js/menuddaccordion.js HTTP/1.1" 200 754 "http://innoutwinecellar.com/webadmin/mainpage.php" "Mozilla/5.0 (iPhone; CPU iPhone OS 17_1_2 like Mac OS X) AppleWebKit/605.1.15 (KHTML, like Gecko) Version/17.1.2 Mobile/15E148 Safari/604.1"
49.131.208.171 - - [09/Dec/2023:17:08:32 +0800] "GET /webadmin/js/chosen_v1.4.1/chosen.jquery.min.js HTTP/1.1" 200 6945 "http://innoutwinecellar.com/webadmin/mainpage.php" "Mozilla/5.0 (iPhone; CPU iPhone OS 17_1_2 like Mac OS X) AppleWebKit/605.1.15 (KHTML, like Gecko) Version/17.1.2 Mobile/15E148 Safari/604.1"
49.131.208.171 - - [09/Dec/2023:17:08:32 +0800] "GET /webadmin/js/chosen_v1.4.1/chosen.min.css HTTP/1.1" 200 2224 "http://innoutwinecellar.com/webadmin/mainpage.php" "Mozilla/5.0 (iPhone; CPU iPhone OS 17_1_2 like Mac OS X) AppleWebKit/605.1.15 (KHTML, like Gecko) Version/17.1.2 Mobile/15E148 Safari/604.1"
49.131.208.171 - - [09/Dec/2023:17:08:32 +0800] "GET /webadmin/js/jquery-ui-1.11.4/jquery-ui.min.js HTTP/1.1" 200 64541 "http://innoutwinecellar.com/webadmin/mainpage.php" "Mozilla/5.0 (iPhone; CPU iPhone OS 17_1_2 like Mac OS X) AppleWebKit/605.1.15 (KHTML, like Gecko) Version/17.1.2 Mobile/15E148 Safari/604.1"
49.131.208.171 - - [09/Dec/2023:17:08:32 +0800] "GET /js/angular.min.js HTTP/1.1" 200 46436 "http://innoutwinecellar.com/webadmin/mainpage.php" "Mozilla/5.0 (iPhone; CPU iPhone OS 17_1_2 like Mac OS X) AppleWebKit/605.1.15 (KHTML, like Gecko) Version/17.1.2 Mobile/15E148 Safari/604.1"
49.131.208.171 - - [09/Dec/2023:17:08:33 +0800] "GET /webadmin/images/iconList.jpg HTTP/1.1" 200 978 "http://innoutwinecellar.com/webadmin/mainpage.php" "Mozilla/5.0 (iPhone; CPU iPhone OS 17_1_2 like Mac OS X) AppleWebKit/605.1.15 (KHTML, like Gecko) Version/17.1.2 Mobile/15E148 Safari/604.1"
49.131.208.171 - - [09/Dec/2023:17:08:33 +0800] "GET /webadmin/loading2.gif HTTP/1.1" 200 1737 "http://innoutwinecellar.com/webadmin/mainpage.php" "Mozilla/5.0 (iPhone; CPU iPhone OS 17_1_2 like Mac OS X) AppleWebKit/605.1.15 (KHTML, like Gecko) Version/17.1.2 Mobile/15E148 Safari/604.1"
49.131.208.171 - - [09/Dec/2023:17:08:33 +0800] "GET /webadmin/images/bg.jpg HTTP/1.1" 200 751 "http://innoutwinecellar.com/webadmin/mainpage.php" "Mozilla/5.0 (iPhone; CPU iPhone OS 17_1_2 like Mac OS X) AppleWebKit/605.1.15 (KHTML, like Gecko) Version/17.1.2 Mobile/15E148 Safari/604.1"
49.131.208.171 - - [09/Dec/2023:17:08:33 +0800] "GET /webadmin/images/arrowbullet.png HTTP/1.1" 200 179 "http://innoutwinecellar.com/webadmin/mainpage.php" "Mozilla/5.0 (iPhone; CPU iPhone OS 17_1_2 like Mac OS X) AppleWebKit/605.1.15 (KHTML, like Gecko) Version/17.1.2 Mobile/15E148 Safari/604.1"
49.131.208.171 - - [09/Dec/2023:17:08:33 +0800] "GET /webadmin/images/titlebar.png HTTP/1.1" 200 23201 "http://innoutwinecellar.com/webadmin/mainpage.php" "Mozilla/5.0 (iPhone; CPU iPhone OS 17_1_2 like Mac OS X) AppleWebKit/605.1.15 (KHTML, like Gecko) Version/17.1.2 Mobile/15E148 Safari/604.1"
49.131.208.171 - - [09/Dec/2023:17:08:33 +0800] "GET /webadmin/images/titlebar-active.png HTTP/1.1" 200 21217 "http://innoutwinecellar.com/webadmin/mainpage.php" "Mozilla/5.0 (iPhone; CPU iPhone OS 17_1_2 like Mac OS X) AppleWebKit/605.1.15 (KHTML, like Gecko) Version/17.1.2 Mobile/15E148 Safari/604.1"
42.200.149.10 - - [09/Dec/2023:17:08:19 +0800] "GET /webadmin/floor_plan.php?location_id=7 HTTP/1.1" 200 66136 "http://innoutwinecellar.com/webadmin/room_index.php?location_id=7" "Mozilla/5.0 (Windows NT 10.0; Win64; x64) AppleWebKit/537.36 (KHTML, like Gecko) Chrome/119.0.0.0 Safari/537.36"
49.131.208.171 - - [09/Dec/2023:17:08:39 +0800] "GET /webadmin/room_index.php HTTP/1.1" 302 20 "http://innoutwinecellar.com/webadmin/mainpage.php" "Mozilla/5.0 (iPhone; CPU iPhone OS 17_1_2 like Mac OS X) AppleWebKit/605.1.15 (KHTML, like Gecko) Version/17.1.2 Mobile/15E148 Safari/604.1"
49.131.208.171 - - [09/Dec/2023:17:08:40 +0800] "GET /webadmin/room_index.php?location_id=1 HTTP/1.1" 200 4415 "http://innoutwinecellar.com/webadmin/mainpage.php" "Mozilla/5.0 (iPhone; CPU iPhone OS 17_1_2 like Mac OS X) AppleWebKit/605.1.15 (KHTML, like Gecko) Version/17.1.2 Mobile/15E148 Safari/604.1"
49.131.208.171 - - [09/Dec/2023:17:08:40 +0800] "GET /webadmin/js/jquery.chained.js HTTP/1.1" 200 1178 "http://innoutwinecellar.com/webadmin/room_index.php?location_id=1" "Mozilla/5.0 (iPhone; CPU iPhone OS 17_1_2 like Mac OS X) AppleWebKit/605.1.15 (KHTML, like Gecko) Version/17.1.2 Mobile/15E148 Safari/604.1"
49.131.208.171 - - [09/Dec/2023:17:08:40 +0800] "GET /webadmin/images/iconCancel.png HTTP/1.1" 200 24013 "http://innoutwinecellar.com/webadmin/room_index.php?location_id=1" "Mozilla/5.0 (iPhone; CPU iPhone OS 17_1_2 like Mac OS X) AppleWebKit/605.1.15 (KHTML, like Gecko) Version/17.1.2 Mobile/15E148 Safari/604.1"
49.131.208.171 - - [09/Dec/2023:17:08:40 +0800] "GET /webadmin/images/titlebg.jpg HTTP/1.1" 200 660 "http://innoutwinecellar.com/webadmin/room_index.php?location_id=1" "Mozilla/5.0 (iPhone; CPU iPhone OS 17_1_2 like Mac OS X) AppleWebKit/605.1.15 (KHTML, like Gecko) Version/17.1.2 Mobile/15E148 Safari/604.1"
49.131.208.171 - - [09/Dec/2023:17:08:40 +0800] "GET /webadmin/images/loading_icon.gif HTTP/1.1" 200 19110 "http://innoutwinecellar.com/webadmin/room_index.php?location_id=1" "Mozilla/5.0 (iPhone; CPU iPhone OS 17_1_2 like Mac OS X) AppleWebKit/605.1.15 (KHTML, like Gecko) Version/17.1.2 Mobile/15E148 Safari/604.1"
42.200.149.10 - - [09/Dec/2023:17:08:54 +0800] "GET /webadmin/order_index.php HTTP/1.1" 200 333 "http://innoutwinecellar.com/webadmin/mainpage.php" "Mozilla/5.0 (Windows NT 10.0; Win64; x64) AppleWebKit/537.36 (KHTML, like Gecko) Chrome/119.0.0.0 Safari/537.36"
42.200.149.10 - - [09/Dec/2023:17:09:01 +0800] "GET /webadmin/login.php HTTP/1.1" 302 20 "-" "Mozilla/5.0 (Windows NT 10.0; Win64; x64) AppleWebKit/537.36 (KHTML, like Gecko) Chrome/119.0.0.0 Safari/537.36"
42.200.149.10 - - [09/Dec/2023:17:09:01 +0800] "GET /webadmin/index.php HTTP/1.1" 302 20 "-" "Mozilla/5.0 (Windows NT 10.0; Win64; x64) AppleWebKit/537.36 (KHTML, like Gecko) Chrome/119.0.0.0 Safari/537.36"
42.200.149.10 - - [09/Dec/2023:17:09:02 +0800] "GET /webadmin/mainpage.php HTTP/1.1" 200 2204 "-" "Mozilla/5.0 (Windows NT 10.0; Win64; x64) AppleWebKit/537.36 (KHTML, like Gecko) Chrome/119.0.0.0 Safari/537.36"
42.200.149.10 - - [09/Dec/2023:17:09:08 +0800] "GET /webadmin/floor_plan_room_info.php?room_code=A16-104 HTTP/1.1" 200 2485 "http://innoutwinecellar.com/webadmin/floor_plan.php?location_id=7" "Mozilla/5.0 (Windows NT 10.0; Win64; x64) AppleWebKit/537.36 (KHTML, like Gecko) Chrome/119.0.0.0 Safari/537.36"
42.200.149.10 - - [09/Dec/2023:17:09:04 +0800] "GET /webadmin/order_index.php HTTP/1.1" 200 268283 "http://innoutwinecellar.com/webadmin/mainpage.php" "Mozilla/5.0 (Windows NT 10.0; Win64; x64) AppleWebKit/537.36 (KHTML, like Gecko) Chrome/119.0.0.0 Safari/537.36"
14.0.159.167 - - [09/Dec/2023:17:09:59 +0800] "GET /webadmin/floor_plan_room_info.php?room_code=A06-024 HTTP/1.1" 200 2395 "http://innoutwinecellar.com/webadmin/floor_plan.php?location_id=14" "Mozilla/5.0 (Linux; Android 10; K) AppleWebKit/537.36 (KHTML, like Gecko) Chrome/120.0.0.0 Mobile Safari/537.36"
14.0.159.167 - - [09/Dec/2023:17:11:03 +0800] "GET /webadmin/floor_plan_room_info.php?room_code=A06-025 HTTP/1.1" 200 2396 "http://innoutwinecellar.com/webadmin/floor_plan.php?location_id=14" "Mozilla/5.0 (Linux; Android 10; K) AppleWebKit/537.36 (KHTML, like Gecko) Chrome/120.0.0.0 Mobile Safari/537.36"
42.200.149.10 - - [09/Dec/2023:17:10:51 +0800] "GET /webadmin/order_index.php?code=&customer_code=&customer_name=&customer_tel=3580&order_room=&status=&startdate_min=&startdate_max=&createdate_min=&createdate_max=&filter=1 HTTP/1.1" 200 48586 "http://innoutwinecellar.com/webadmin/order_index.php" "Mozilla/5.0 (Windows NT 10.0; Win64; x64) AppleWebKit/537.36 (KHTML, like Gecko) Chrome/119.0.0.0 Safari/537.36"
42.200.149.10 - - [09/Dec/2023:17:10:57 +0800] "GET /webadmin/order_index.php?code=&customer_code=&customer_name=&customer_tel=3580&order_room=&status=&startdate_min=&startdate_max=&createdate_min=&createdate_max=&filter=1 HTTP/1.1" 200 48586 "http://innoutwinecellar.com/webadmin/order_index.php" "Mozilla/5.0 (Windows NT 10.0; Win64; x64) AppleWebKit/537.36 (KHTML, like Gecko) Chrome/119.0.0.0 Safari/537.36"
14.0.159.167 - - [09/Dec/2023:17:11:52 +0800] "GET /webadmin/floor_plan_room_info.php?room_code=A06-026 HTTP/1.1" 200 2395 "http://innoutwinecellar.com/webadmin/floor_plan.php?location_id=14" "Mozilla/5.0 (Linux; Android 10; K) AppleWebKit/537.36 (KHTML, like Gecko) Chrome/120.0.0.0 Mobile Safari/537.36"
42.200.149.10 - - [09/Dec/2023:17:11:07 +0800] "GET /webadmin/order_index.php?code=&customer_code=&customer_name=&customer_tel=3580&order_room=&status=&startdate_min=&startdate_max=&createdate_min=&createdate_max=&filter=1 HTTP/1.1" 200 48586 "http://innoutwinecellar.com/webadmin/order_index.php" "Mozilla/5.0 (Windows NT 10.0; Win64; x64) AppleWebKit/537.36 (KHTML, like Gecko) Chrome/119.0.0.0 Safari/537.36"
42.200.149.10 - - [09/Dec/2023:17:11:27 +0800] "GET /webadmin/order_index.php?code=&customer_code=&customer_name=&customer_tel=3580&order_room=&status=&startdate_min=&startdate_max=&createdate_min=&createdate_max=&filter=1 HTTP/1.1" 200 48586 "http://innoutwinecellar.com/webadmin/order_index.php" "Mozilla/5.0 (Windows NT 10.0; Win64; x64) AppleWebKit/537.36 (KHTML, like Gecko) Chrome/119.0.0.0 Safari/537.36"
42.200.149.10 - - [09/Dec/2023:17:12:27 +0800] "GET /webadmin/order_index.php?code=&customer_code=&customer_name=&customer_tel=3580&order_room=&status=&startdate_min=&startdate_max=&createdate_min=&createdate_max=&filter=1 HTTP/1.1" 200 266336 "http://innoutwinecellar.com/webadmin/order_index.php" "Mozilla/5.0 (Windows NT 10.0; Win64; x64) AppleWebKit/537.36 (KHTML, like Gecko) Chrome/119.0.0.0 Safari/537.36"
49.131.208.171 - - [09/Dec/2023:17:13:50 +0800] "GET /webadmin/index.php HTTP/1.1" 302 20 "http://innoutwinecellar.com/webadmin/room_index.php?location_id=1" "Mozilla/5.0 (iPhone; CPU iPhone OS 17_1_2 like Mac OS X) AppleWebKit/605.1.15 (KHTML, like Gecko) Version/17.1.2 Mobile/15E148 Safari/604.1"
49.131.208.171 - - [09/Dec/2023:17:13:50 +0800] "GET /webadmin/mainpage.php HTTP/1.1" 200 2204 "http://innoutwinecellar.com/webadmin/room_index.php?location_id=1" "Mozilla/5.0 (iPhone; CPU iPhone OS 17_1_2 like Mac OS X) AppleWebKit/605.1.15 (KHTML, like Gecko) Version/17.1.2 Mobile/15E148 Safari/604.1"
49.131.208.171 - - [09/Dec/2023:17:14:24 +0800] "GET /webadmin/Zebra_Pagination/css/zebra_pagination.css HTTP/1.1" 200 400 "http://innoutwinecellar.com/webadmin/order_index.php" "Mozilla/5.0 (iPhone; CPU iPhone OS 17_1_2 like Mac OS X) AppleWebKit/605.1.15 (KHTML, like Gecko) Version/17.1.2 Mobile/15E148 Safari/604.1"
49.131.208.171 - - [09/Dec/2023:17:14:24 +0800] "GET /webadmin/Zebra_Pagination/js/zebra_pagination.js HTTP/1.1" 200 150 "http://innoutwinecellar.com/webadmin/order_index.php" "Mozilla/5.0 (iPhone; CPU iPhone OS 17_1_2 like Mac OS X) AppleWebKit/605.1.15 (KHTML, like Gecko) Version/17.1.2 Mobile/15E148 Safari/604.1"
49.131.208.171 - - [09/Dec/2023:17:13:57 +0800] "GET /webadmin/order_index.php HTTP/1.1" 200 268283 "http://innoutwinecellar.com/webadmin/mainpage.php" "Mozilla/5.0 (iPhone; CPU iPhone OS 17_1_2 like Mac OS X) AppleWebKit/605.1.15 (KHTML, like Gecko) Version/17.1.2 Mobile/15E148 Safari/604.1"
49.131.208.171 - - [09/Dec/2023:17:14:28 +0800] "GET /webadmin/images/btnModify.png HTTP/1.1" 200 21859 "http://innoutwinecellar.com/webadmin/order_index.php" "Mozilla/5.0 (iPhone; CPU iPhone OS 17_1_2 like Mac OS X) AppleWebKit/605.1.15 (KHTML, like Gecko) Version/17.1.2 Mobile/15E148 Safari/604.1"
49.131.208.171 - - [09/Dec/2023:17:16:19 +0800] "GET /webadmin/customer_index.php HTTP/1.1" 200 48586 "http://innoutwinecellar.com/webadmin/order_index.php" "Mozilla/5.0 (iPhone; CPU iPhone OS 17_1_2 like Mac OS X) AppleWebKit/605.1.15 (KHTML, like Gecko) Version/17.1.2 Mobile/15E148 Safari/604.1"
49.131.208.171 - - [09/Dec/2023:17:16:38 +0800] "GET /webadmin/invoice_index.php HTTP/1.1" 200 8106 "http://innoutwinecellar.com/webadmin/order_index.php" "Mozilla/5.0 (iPhone; CPU iPhone OS 17_1_2 like Mac OS X) AppleWebKit/605.1.15 (KHTML, like Gecko) Version/17.1.2 Mobile/15E148 Safari/604.1"
49.131.208.171 - - [09/Dec/2023:17:16:40 +0800] "GET /webadmin/deposit_index.php HTTP/1.1" 200 8106 "http://innoutwinecellar.com/webadmin/order_index.php" "Mozilla/5.0 (iPhone; CPU iPhone OS 17_1_2 like Mac OS X) AppleWebKit/605.1.15 (KHTML, like Gecko) Version/17.1.2 Mobile/15E148 Safari/604.1"
42.200.149.10 - - [09/Dec/2023:17:19:36 +0800] "GET /webadmin/room_index.php HTTP/1.1" 302 20 "http://innoutwinecellar.com/webadmin/order_index.php?code=&customer_code=&customer_name=&customer_tel=3580&order_room=&status=&startdate_min=&startdate_max=&createdate_min=&createdate_max=&filter=1" "Mozilla/5.0 (Windows NT 10.0; Win64; x64) AppleWebKit/537.36 (KHTML, like Gecko) Chrome/119.0.0.0 Safari/537.36"
42.200.149.10 - - [09/Dec/2023:17:19:36 +0800] "GET /webadmin/room_index.php?location_id=1 HTTP/1.1" 200 4415 "http://innoutwinecellar.com/webadmin/order_index.php?code=&customer_code=&customer_name=&customer_tel=3580&order_room=&status=&startdate_min=&startdate_max=&createdate_min=&createdate_max=&filter=1" "Mozilla/5.0 (Windows NT 10.0; Win64; x64) AppleWebKit/537.36 (KHTML, like Gecko) Chrome/119.0.0.0 Safari/537.36"
42.200.149.10 - - [09/Dec/2023:17:19:45 +0800] "GET /webadmin/room_index.php?location_id=11 HTTP/1.1" 200 4465 "http://innoutwinecellar.com/webadmin/room_index.php?location_id=1" "Mozilla/5.0 (Windows NT 10.0; Win64; x64) AppleWebKit/537.36 (KHTML, like Gecko) Chrome/119.0.0.0 Safari/537.36"
42.200.149.10 - - [09/Dec/2023:17:19:52 +0800] "GET /webadmin/mainpage.php HTTP/1.1" 200 2204 "-" "Mozilla/5.0 (Windows NT 10.0; Win64; x64) AppleWebKit/537.36 (KHTML, like Gecko) Chrome/119.0.0.0 Safari/537.36"
42.200.149.10 - - [09/Dec/2023:17:19:46 +0800] "GET /webadmin/floor_plan.php?location_id=11 HTTP/1.1" 200 66122 "http://innoutwinecellar.com/webadmin/room_index.php?location_id=11" "Mozilla/5.0 (Windows NT 10.0; Win64; x64) AppleWebKit/537.36 (KHTML, like Gecko) Chrome/119.0.0.0 Safari/537.36"
42.200.149.10 - - [09/Dec/2023:17:20:08 +0800] "GET /webadmin/floor_plan_room_info.php?room_code=E10-42 HTTP/1.1" 200 2519 "http://innoutwinecellar.com/webadmin/floor_plan.php?location_id=11" "Mozilla/5.0 (Windows NT 10.0; Win64; x64) AppleWebKit/537.36 (KHTML, like Gecko) Chrome/119.0.0.0 Safari/537.36"
42.200.149.10 - - [09/Dec/2023:17:20:10 +0800] "GET /webadmin/warehousing_step1.php?renew=1&contract_id=22727&customer_id=2331 HTTP/1.1" 302 4319 "http://innoutwinecellar.com/webadmin/floor_plan_room_info.php?room_code=E10-42" "Mozilla/5.0 (Windows NT 10.0; Win64; x64) AppleWebKit/537.36 (KHTML, like Gecko) Chrome/119.0.0.0 Safari/537.36"
42.200.149.10 - - [09/Dec/2023:17:20:10 +0800] "GET /webadmin/warehousing_step2.php?renew=1&contract_id=22727&location_id=11 HTTP/1.1" 200 12653 "http://innoutwinecellar.com/webadmin/floor_plan_room_info.php?room_code=E10-42" "Mozilla/5.0 (Windows NT 10.0; Win64; x64) AppleWebKit/537.36 (KHTML, like Gecko) Chrome/119.0.0.0 Safari/537.36"
42.200.149.10 - - [09/Dec/2023:17:20:11 +0800] "POST /webadmin/_ajax.php?for=order_discount HTTP/1.1" 200 20 "http://innoutwinecellar.com/webadmin/warehousing_step2.php?renew=1&contract_id=22727&location_id=11" "Mozilla/5.0 (Windows NT 10.0; Win64; x64) AppleWebKit/537.36 (KHTML, like Gecko) Chrome/119.0.0.0 Safari/537.36"
42.200.149.10 - - [09/Dec/2023:17:20:11 +0800] "POST /webadmin/_ajax.php?for=search_available_room HTTP/1.1" 200 59 "http://innoutwinecellar.com/webadmin/warehousing_step2.php?renew=1&contract_id=22727&location_id=11" "Mozilla/5.0 (Windows NT 10.0; Win64; x64) AppleWebKit/537.36 (KHTML, like Gecko) Chrome/119.0.0.0 Safari/537.36"
42.200.149.10 - - [09/Dec/2023:17:20:11 +0800] "POST /webadmin/_ajax.php?for=order_discount HTTP/1.1" 200 20 "http://innoutwinecellar.com/webadmin/warehousing_step2.php?renew=1&contract_id=22727&location_id=11" "Mozilla/5.0 (Windows NT 10.0; Win64; x64) AppleWebKit/537.36 (KHTML, like Gecko) Chrome/119.0.0.0 Safari/537.36"
42.200.149.10 - - [09/Dec/2023:17:20:11 +0800] "POST /webadmin/_ajax.php?for=order_discount HTTP/1.1" 200 20 "http://innoutwinecellar.com/webadmin/warehousing_step2.php?renew=1&contract_id=22727&location_id=11" "Mozilla/5.0 (Windows NT 10.0; Win64; x64) AppleWebKit/537.36 (KHTML, like Gecko) Chrome/119.0.0.0 Safari/537.36"
42.200.149.10 - - [09/Dec/2023:17:20:11 +0800] "POST /webadmin/_ajax.php?for=order_discount HTTP/1.1" 200 20 "http://innoutwinecellar.com/webadmin/warehousing_step2.php?renew=1&contract_id=22727&location_id=11" "Mozilla/5.0 (Windows NT 10.0; Win64; x64) AppleWebKit/537.36 (KHTML, like Gecko) Chrome/119.0.0.0 Safari/537.36"
42.200.149.10 - - [09/Dec/2023:17:20:11 +0800] "POST /webadmin/_ajax.php?for=order_discount HTTP/1.1" 200 20 "http://innoutwinecellar.com/webadmin/warehousing_step2.php?renew=1&contract_id=22727&location_id=11" "Mozilla/5.0 (Windows NT 10.0; Win64; x64) AppleWebKit/537.36 (KHTML, like Gecko) Chrome/119.0.0.0 Safari/537.36"
42.200.149.10 - - [09/Dec/2023:17:20:11 +0800] "POST /webadmin/_ajax.php?for=order_discount HTTP/1.1" 200 20 "http://innoutwinecellar.com/webadmin/warehousing_step2.php?renew=1&contract_id=22727&location_id=11" "Mozilla/5.0 (Windows NT 10.0; Win64; x64) AppleWebKit/537.36 (KHTML, like Gecko) Chrome/119.0.0.0 Safari/537.36"
42.200.149.10 - - [09/Dec/2023:17:20:11 +0800] "POST /webadmin/_ajax.php?for=order_discount HTTP/1.1" 200 20 "http://innoutwinecellar.com/webadmin/warehousing_step2.php?renew=1&contract_id=22727&location_id=11" "Mozilla/5.0 (Windows NT 10.0; Win64; x64) AppleWebKit/537.36 (KHTML, like Gecko) Chrome/119.0.0.0 Safari/537.36"
42.200.149.10 - - [09/Dec/2023:17:20:11 +0800] "POST /webadmin/_ajax.php?for=order_discount HTTP/1.1" 200 20 "http://innoutwinecellar.com/webadmin/warehousing_step2.php?renew=1&contract_id=22727&location_id=11" "Mozilla/5.0 (Windows NT 10.0; Win64; x64) AppleWebKit/537.36 (KHTML, like Gecko) Chrome/119.0.0.0 Safari/537.36"
42.200.149.10 - - [09/Dec/2023:17:20:11 +0800] "POST /webadmin/_ajax.php?for=order_discount HTTP/1.1" 200 20 "http://innoutwinecellar.com/webadmin/warehousing_step2.php?renew=1&contract_id=22727&location_id=11" "Mozilla/5.0 (Windows NT 10.0; Win64; x64) AppleWebKit/537.36 (KHTML, like Gecko) Chrome/119.0.0.0 Safari/537.36"
42.200.149.10 - - [09/Dec/2023:17:20:11 +0800] "POST /webadmin/_ajax.php?for=order_discount HTTP/1.1" 200 20 "http://innoutwinecellar.com/webadmin/warehousing_step2.php?renew=1&contract_id=22727&location_id=11" "Mozilla/5.0 (Windows NT 10.0; Win64; x64) AppleWebKit/537.36 (KHTML, like Gecko) Chrome/119.0.0.0 Safari/537.36"
42.200.149.10 - - [09/Dec/2023:17:20:11 +0800] "POST /webadmin/_ajax.php?for=order_discount HTTP/1.1" 200 20 "http://innoutwinecellar.com/webadmin/warehousing_step2.php?renew=1&contract_id=22727&location_id=11" "Mozilla/5.0 (Windows NT 10.0; Win64; x64) AppleWebKit/537.36 (KHTML, like Gecko) Chrome/119.0.0.0 Safari/537.36"
42.200.149.10 - - [09/Dec/2023:17:20:16 +0800] "GET /webadmin/mainpage.php HTTP/1.1" 200 2204 "-" "Mozilla/5.0 (Windows NT 10.0; Win64; x64) AppleWebKit/537.36 (KHTML, like Gecko) Chrome/119.0.0.0 Safari/537.36"
42.200.149.10 - - [09/Dec/2023:17:20:16 +0800] "POST /webadmin/_ajax.php?for=order_discount HTTP/1.1" 200 20 "http://innoutwinecellar.com/webadmin/warehousing_step2.php?renew=1&contract_id=22727&location_id=11" "Mozilla/5.0 (Windows NT 10.0; Win64; x64) AppleWebKit/537.36 (KHTML, like Gecko) Chrome/119.0.0.0 Safari/537.36"
42.200.149.10 - - [09/Dec/2023:17:20:16 +0800] "POST /webadmin/_ajax.php?for=order_discount HTTP/1.1" 200 20 "http://innoutwinecellar.com/webadmin/warehousing_step2.php?renew=1&contract_id=22727&location_id=11" "Mozilla/5.0 (Windows NT 10.0; Win64; x64) AppleWebKit/537.36 (KHTML, like Gecko) Chrome/119.0.0.0 Safari/537.36"
42.200.149.10 - - [09/Dec/2023:17:20:17 +0800] "POST /webadmin/_ajax.php?for=order_discount HTTP/1.1" 200 20 "http://innoutwinecellar.com/webadmin/warehousing_step2.php?renew=1&contract_id=22727&location_id=11" "Mozilla/5.0 (Windows NT 10.0; Win64; x64) AppleWebKit/537.36 (KHTML, like Gecko) Chrome/119.0.0.0 Safari/537.36"
42.200.149.10 - - [09/Dec/2023:17:20:17 +0800] "POST /webadmin/_ajax.php?for=order_discount HTTP/1.1" 200 20 "http://innoutwinecellar.com/webadmin/warehousing_step2.php?renew=1&contract_id=22727&location_id=11" "Mozilla/5.0 (Windows NT 10.0; Win64; x64) AppleWebKit/537.36 (KHTML, like Gecko) Chrome/119.0.0.0 Safari/537.36"
42.200.149.10 - - [09/Dec/2023:17:20:17 +0800] "POST /webadmin/_ajax.php?for=order_discount HTTP/1.1" 200 20 "http://innoutwinecellar.com/webadmin/warehousing_step2.php?renew=1&contract_id=22727&location_id=11" "Mozilla/5.0 (Windows NT 10.0; Win64; x64) AppleWebKit/537.36 (KHTML, like Gecko) Chrome/119.0.0.0 Safari/537.36"
42.200.149.10 - - [09/Dec/2023:17:20:17 +0800] "POST /webadmin/_ajax.php?for=order_discount HTTP/1.1" 200 20 "http://innoutwinecellar.com/webadmin/warehousing_step2.php?renew=1&contract_id=22727&location_id=11" "Mozilla/5.0 (Windows NT 10.0; Win64; x64) AppleWebKit/537.36 (KHTML, like Gecko) Chrome/119.0.0.0 Safari/537.36"
42.200.149.10 - - [09/Dec/2023:17:20:21 +0800] "POST /webadmin/_ajax.php?for=order_discount HTTP/1.1" 200 20 "http://innoutwinecellar.com/webadmin/warehousing_step2.php?renew=1&contract_id=22727&location_id=11" "Mozilla/5.0 (Windows NT 10.0; Win64; x64) AppleWebKit/537.36 (KHTML, like Gecko) Chrome/119.0.0.0 Safari/537.36"
42.200.149.10 - - [09/Dec/2023:17:20:21 +0800] "POST /webadmin/_ajax.php?for=order_discount HTTP/1.1" 200 20 "http://innoutwinecellar.com/webadmin/warehousing_step2.php?renew=1&contract_id=22727&location_id=11" "Mozilla/5.0 (Windows NT 10.0; Win64; x64) AppleWebKit/537.36 (KHTML, like Gecko) Chrome/119.0.0.0 Safari/537.36"
42.200.149.10 - - [09/Dec/2023:17:20:21 +0800] "POST /webadmin/_ajax.php?for=order_discount HTTP/1.1" 200 20 "http://innoutwinecellar.com/webadmin/warehousing_step2.php?renew=1&contract_id=22727&location_id=11" "Mozilla/5.0 (Windows NT 10.0; Win64; x64) AppleWebKit/537.36 (KHTML, like Gecko) Chrome/119.0.0.0 Safari/537.36"
42.200.149.10 - - [09/Dec/2023:17:20:22 +0800] "POST /webadmin/_ajax.php?for=order_discount HTTP/1.1" 200 20 "http://innoutwinecellar.com/webadmin/warehousing_step2.php?renew=1&contract_id=22727&location_id=11" "Mozilla/5.0 (Windows NT 10.0; Win64; x64) AppleWebKit/537.36 (KHTML, like Gecko) Chrome/119.0.0.0 Safari/537.36"
42.200.149.10 - - [09/Dec/2023:17:20:22 +0800] "POST /webadmin/_ajax.php?for=order_discount HTTP/1.1" 200 20 "http://innoutwinecellar.com/webadmin/warehousing_step2.php?renew=1&contract_id=22727&location_id=11" "Mozilla/5.0 (Windows NT 10.0; Win64; x64) AppleWebKit/537.36 (KHTML, like Gecko) Chrome/119.0.0.0 Safari/537.36"
42.200.149.10 - - [09/Dec/2023:17:20:22 +0800] "POST /webadmin/_ajax.php?for=order_discount HTTP/1.1" 200 20 "http://innoutwinecellar.com/webadmin/warehousing_step2.php?renew=1&contract_id=22727&location_id=11" "Mozilla/5.0 (Windows NT 10.0; Win64; x64) AppleWebKit/537.36 (KHTML, like Gecko) Chrome/119.0.0.0 Safari/537.36"
42.200.149.10 - - [09/Dec/2023:17:20:22 +0800] "POST /webadmin/_ajax.php?for=order_discount HTTP/1.1" 200 20 "http://innoutwinecellar.com/webadmin/warehousing_step2.php?renew=1&contract_id=22727&location_id=11" "Mozilla/5.0 (Windows NT 10.0; Win64; x64) AppleWebKit/537.36 (KHTML, like Gecko) Chrome/119.0.0.0 Safari/537.36"
42.200.149.10 - - [09/Dec/2023:17:20:22 +0800] "POST /webadmin/_ajax.php?for=order_discount HTTP/1.1" 200 20 "http://innoutwinecellar.com/webadmin/warehousing_step2.php?renew=1&contract_id=22727&location_id=11" "Mozilla/5.0 (Windows NT 10.0; Win64; x64) AppleWebKit/537.36 (KHTML, like Gecko) Chrome/119.0.0.0 Safari/537.36"
42.200.149.10 - - [09/Dec/2023:17:20:23 +0800] "POST /webadmin/_ajax.php?for=order_discount HTTP/1.1" 200 20 "http://innoutwinecellar.com/webadmin/warehousing_step2.php?renew=1&contract_id=22727&location_id=11" "Mozilla/5.0 (Windows NT 10.0; Win64; x64) AppleWebKit/537.36 (KHTML, like Gecko) Chrome/119.0.0.0 Safari/537.36"
42.200.149.10 - - [09/Dec/2023:17:20:23 +0800] "POST /webadmin/_ajax.php?for=order_discount HTTP/1.1" 200 20 "http://innoutwinecellar.com/webadmin/warehousing_step2.php?renew=1&contract_id=22727&location_id=11" "Mozilla/5.0 (Windows NT 10.0; Win64; x64) AppleWebKit/537.36 (KHTML, like Gecko) Chrome/119.0.0.0 Safari/537.36"
42.200.149.10 - - [09/Dec/2023:17:20:23 +0800] "POST /webadmin/_ajax.php?for=order_discount HTTP/1.1" 200 20 "http://innoutwinecellar.com/webadmin/warehousing_step2.php?renew=1&contract_id=22727&location_id=11" "Mozilla/5.0 (Windows NT 10.0; Win64; x64) AppleWebKit/537.36 (KHTML, like Gecko) Chrome/119.0.0.0 Safari/537.36"
42.200.149.10 - - [09/Dec/2023:17:20:23 +0800] "POST /webadmin/_ajax.php?for=order_discount HTTP/1.1" 200 20 "http://innoutwinecellar.com/webadmin/warehousing_step2.php?renew=1&contract_id=22727&location_id=11" "Mozilla/5.0 (Windows NT 10.0; Win64; x64) AppleWebKit/537.36 (KHTML, like Gecko) Chrome/119.0.0.0 Safari/537.36"
42.200.149.10 - - [09/Dec/2023:17:20:23 +0800] "POST /webadmin/_ajax.php?for=order_discount HTTP/1.1" 200 20 "http://innoutwinecellar.com/webadmin/warehousing_step2.php?renew=1&contract_id=22727&location_id=11" "Mozilla/5.0 (Windows NT 10.0; Win64; x64) AppleWebKit/537.36 (KHTML, like Gecko) Chrome/119.0.0.0 Safari/537.36"
42.200.149.10 - - [09/Dec/2023:17:20:24 +0800] "POST /webadmin/_ajax.php?for=order_discount HTTP/1.1" 200 20 "http://innoutwinecellar.com/webadmin/warehousing_step2.php?renew=1&contract_id=22727&location_id=11" "Mozilla/5.0 (Windows NT 10.0; Win64; x64) AppleWebKit/537.36 (KHTML, like Gecko) Chrome/119.0.0.0 Safari/537.36"
42.200.149.10 - - [09/Dec/2023:17:20:24 +0800] "POST /webadmin/_ajax.php?for=order_discount HTTP/1.1" 200 20 "http://innoutwinecellar.com/webadmin/warehousing_step2.php?renew=1&contract_id=22727&location_id=11" "Mozilla/5.0 (Windows NT 10.0; Win64; x64) AppleWebKit/537.36 (KHTML, like Gecko) Chrome/119.0.0.0 Safari/537.36"
42.200.149.10 - - [09/Dec/2023:17:20:25 +0800] "POST /webadmin/_ajax.php?for=order_discount HTTP/1.1" 200 20 "http://innoutwinecellar.com/webadmin/warehousing_step2.php?renew=1&contract_id=22727&location_id=11" "Mozilla/5.0 (Windows NT 10.0; Win64; x64) AppleWebKit/537.36 (KHTML, like Gecko) Chrome/119.0.0.0 Safari/537.36"
42.200.149.10 - - [09/Dec/2023:17:20:25 +0800] "POST /webadmin/_ajax.php?for=order_discount HTTP/1.1" 200 20 "http://innoutwinecellar.com/webadmin/warehousing_step2.php?renew=1&contract_id=22727&location_id=11" "Mozilla/5.0 (Windows NT 10.0; Win64; x64) AppleWebKit/537.36 (KHTML, like Gecko) Chrome/119.0.0.0 Safari/537.36"
42.200.149.10 - - [09/Dec/2023:17:20:25 +0800] "POST /webadmin/_ajax.php?for=order_discount HTTP/1.1" 200 20 "http://innoutwinecellar.com/webadmin/warehousing_step2.php?renew=1&contract_id=22727&location_id=11" "Mozilla/5.0 (Windows NT 10.0; Win64; x64) AppleWebKit/537.36 (KHTML, like Gecko) Chrome/119.0.0.0 Safari/537.36"
42.200.149.10 - - [09/Dec/2023:17:20:26 +0800] "GET /webadmin/js/jquery-ui-1.11.4/images/ui-bg_glass_65_ffffff_1x400.png HTTP/1.1" 200 207 "http://innoutwinecellar.com/webadmin/js/jquery-ui-1.11.4/jquery-ui.theme.min.css" "Mozilla/5.0 (Windows NT 10.0; Win64; x64) AppleWebKit/537.36 (KHTML, like Gecko) Chrome/119.0.0.0 Safari/537.36"
42.200.149.10 - - [09/Dec/2023:17:20:26 +0800] "POST /webadmin/_ajax.php?for=order_discount HTTP/1.1" 200 20 "http://innoutwinecellar.com/webadmin/warehousing_step2.php?renew=1&contract_id=22727&location_id=11" "Mozilla/5.0 (Windows NT 10.0; Win64; x64) AppleWebKit/537.36 (KHTML, like Gecko) Chrome/119.0.0.0 Safari/537.36"
42.200.149.10 - - [09/Dec/2023:17:20:26 +0800] "POST /webadmin/_ajax.php?for=order_discount HTTP/1.1" 200 20 "http://innoutwinecellar.com/webadmin/warehousing_step2.php?renew=1&contract_id=22727&location_id=11" "Mozilla/5.0 (Windows NT 10.0; Win64; x64) AppleWebKit/537.36 (KHTML, like Gecko) Chrome/119.0.0.0 Safari/537.36"
49.131.208.171 - - [09/Dec/2023:17:20:28 +0800] "GET /webadmin/deposit_index.php HTTP/1.1" 200 8106 "http://innoutwinecellar.com/webadmin/order_index.php" "Mozilla/5.0 (iPhone; CPU iPhone OS 17_1_2 like Mac OS X) AppleWebKit/605.1.15 (KHTML, like Gecko) Version/17.1.2 Mobile/15E148 Safari/604.1"
49.131.208.171 - - [09/Dec/2023:17:20:45 +0800] "GET /webadmin/room_index.php?location_id=5 HTTP/1.1" 200 4407 "-" "Mozilla/5.0 (iPhone; CPU iPhone OS 17_1_2 like Mac OS X) AppleWebKit/605.1.15 (KHTML, like Gecko) Version/17.1.2 Mobile/15E148 Safari/604.1"
49.131.208.171 - - [09/Dec/2023:17:21:24 +0800] "GET /webadmin/room_index.php?location_id=5 HTTP/1.1" 200 4407 "-" "Mozilla/5.0 (iPhone; CPU iPhone OS 17_1_2 like Mac OS X) AppleWebKit/605.1.15 (KHTML, like Gecko) Version/17.1.2 Mobile/15E148 Safari/604.1"
49.131.208.171 - - [09/Dec/2023:17:20:44 +0800] "GET /webadmin/deposit_index.php HTTP/1.1" 200 206074 "http://innoutwinecellar.com/webadmin/order_index.php" "Mozilla/5.0 (iPhone; CPU iPhone OS 17_1_2 like Mac OS X) AppleWebKit/605.1.15 (KHTML, like Gecko) Version/17.1.2 Mobile/15E148 Safari/604.1"
49.131.208.171 - - [09/Dec/2023:17:23:25 +0800] "GET /webadmin/index.php HTTP/1.1" 302 20 "http://innoutwinecellar.com/webadmin/room_index.php?location_id=5" "Mozilla/5.0 (iPhone; CPU iPhone OS 17_1_2 like Mac OS X) AppleWebKit/605.1.15 (KHTML, like Gecko) Version/17.1.2 Mobile/15E148 Safari/604.1"
49.131.208.171 - - [09/Dec/2023:17:23:25 +0800] "GET /webadmin/mainpage.php HTTP/1.1" 200 2204 "http://innoutwinecellar.com/webadmin/room_index.php?location_id=5" "Mozilla/5.0 (iPhone; CPU iPhone OS 17_1_2 like Mac OS X) AppleWebKit/605.1.15 (KHTML, like Gecko) Version/17.1.2 Mobile/15E148 Safari/604.1"
49.131.208.171 - - [09/Dec/2023:17:23:32 +0800] "GET /webadmin/room_index.php HTTP/1.1" 200 333 "http://innoutwinecellar.com/webadmin/mainpage.php" "Mozilla/5.0 (iPhone; CPU iPhone OS 17_1_2 like Mac OS X) AppleWebKit/605.1.15 (KHTML, like Gecko) Version/17.1.2 Mobile/15E148 Safari/604.1"
49.131.208.171 - - [09/Dec/2023:17:23:42 +0800] "GET /webadmin/master_room_index.php HTTP/1.1" 200 3439 "http://innoutwinecellar.com/webadmin/mainpage.php" "Mozilla/5.0 (iPhone; CPU iPhone OS 17_1_2 like Mac OS X) AppleWebKit/605.1.15 (KHTML, like Gecko) Version/17.1.2 Mobile/15E148 Safari/604.1"
42.200.149.10 - - [09/Dec/2023:17:24:25 +0800] "POST /webadmin/_ajax.php?for=order_discount HTTP/1.1" 200 20 "http://innoutwinecellar.com/webadmin/warehousing_step2.php?renew=1&contract_id=22727&location_id=11" "Mozilla/5.0 (Windows NT 10.0; Win64; x64) AppleWebKit/537.36 (KHTML, like Gecko) Chrome/119.0.0.0 Safari/537.36"
42.200.149.10 - - [09/Dec/2023:17:24:26 +0800] "POST /webadmin/warehousing_step2_post.php HTTP/1.1" 302 20 "http://innoutwinecellar.com/webadmin/warehousing_step2.php?renew=1&contract_id=22727&location_id=11" "Mozilla/5.0 (Windows NT 10.0; Win64; x64) AppleWebKit/537.36 (KHTML, like Gecko) Chrome/119.0.0.0 Safari/537.36"
42.200.149.10 - - [09/Dec/2023:17:24:26 +0800] "GET /webadmin/warehousing_step3.php HTTP/1.1" 200 3224 "http://innoutwinecellar.com/webadmin/warehousing_step2.php?renew=1&contract_id=22727&location_id=11" "Mozilla/5.0 (Windows NT 10.0; Win64; x64) AppleWebKit/537.36 (KHTML, like Gecko) Chrome/119.0.0.0 Safari/537.36"
42.200.149.10 - - [09/Dec/2023:17:24:30 +0800] "GET /webadmin/warehousing_step3_post.php?confirm=1 HTTP/1.1" 302 20 "http://innoutwinecellar.com/webadmin/warehousing_step3.php" "Mozilla/5.0 (Windows NT 10.0; Win64; x64) AppleWebKit/537.36 (KHTML, like Gecko) Chrome/119.0.0.0 Safari/537.36"
42.200.149.10 - - [09/Dec/2023:17:24:36 +0800] "GET /webadmin/order_modifyform.php?order_id=23431&print=1 HTTP/1.1" 200 3333 "http://innoutwinecellar.com/webadmin/warehousing_step3.php" "Mozilla/5.0 (Windows NT 10.0; Win64; x64) AppleWebKit/537.36 (KHTML, like Gecko) Chrome/119.0.0.0 Safari/537.36"
42.200.149.10 - - [09/Dec/2023:17:24:36 +0800] "GET /webadmin/output_order2b.php?order_id=23431 HTTP/1.1" 200 65876 "http://innoutwinecellar.com/webadmin/order_modifyform.php?order_id=23431&print=1" "Mozilla/5.0 (Windows NT 10.0; Win64; x64) AppleWebKit/537.36 (KHTML, like Gecko) Chrome/119.0.0.0 Safari/537.36"
203.124.10.177 - - [09/Dec/2023:17:24:39 +0800] "GET /webadmin/pdf_template/header.png HTTP/1.0" 200 14150 "-" "-"
203.124.10.177 - - [09/Dec/2023:17:24:40 +0800] "GET /webadmin/pdf_template/chop.jpg HTTP/1.0" 200 44566 "-" "-"
42.200.149.10 - - [09/Dec/2023:17:24:39 +0800] "GET /webadmin/output_order2.php?order_id=23431 HTTP/1.1" 200 101975 "http://innoutwinecellar.com/webadmin/order_modifyform.php?order_id=23431&print=1" "Mozilla/5.0 (Windows NT 10.0; Win64; x64) AppleWebKit/537.36 (KHTML, like Gecko) Chrome/119.0.0.0 Safari/537.36"
42.200.149.10 - - [09/Dec/2023:17:24:57 +0800] "GET /webadmin/room_index.php?location_id=16 HTTP/1.1" 200 4917 "http://innoutwinecellar.com/webadmin/room_index.php?location_id=1" "Mozilla/5.0 (Windows NT 10.0; Win64; x64) AppleWebKit/537.36 (KHTML, like Gecko) Chrome/119.0.0.0 Safari/537.36"
124.217.188.121 - - [09/Dec/2023:17:26:20 +0800] "GET /webadmin/room_index.php?location_id=14 HTTP/1.1" 302 20 "-" "Mozilla/5.0 (iPhone; CPU iPhone OS 17_1_2 like Mac OS X) AppleWebKit/605.1.15 (KHTML, like Gecko) Version/17.1.2 Mobile/15E148 Safari/604.1"
124.217.188.121 - - [09/Dec/2023:17:26:20 +0800] "GET /webadmin/login.php HTTP/1.1" 200 778 "-" "Mozilla/5.0 (iPhone; CPU iPhone OS 17_1_2 like Mac OS X) AppleWebKit/605.1.15 (KHTML, like Gecko) Version/17.1.2 Mobile/15E148 Safari/604.1"
124.217.188.121 - - [09/Dec/2023:17:26:20 +0800] "GET /webadmin/images/logo.png HTTP/1.1" 200 3525 "http://innoutwinecellar.com/webadmin/login.php" "Mozilla/5.0 (iPhone; CPU iPhone OS 17_1_2 like Mac OS X) AppleWebKit/605.1.15 (KHTML, like Gecko) Version/17.1.2 Mobile/15E148 Safari/604.1"
124.217.188.121 - - [09/Dec/2023:17:26:20 +0800] "GET /webadmin/images/login_line.jpg HTTP/1.1" 200 1174 "http://innoutwinecellar.com/webadmin/login.php" "Mozilla/5.0 (iPhone; CPU iPhone OS 17_1_2 like Mac OS X) AppleWebKit/605.1.15 (KHTML, like Gecko) Version/17.1.2 Mobile/15E148 Safari/604.1"
124.217.188.121 - - [09/Dec/2023:17:26:21 +0800] "GET /apple-touch-icon-120x120-precomposed.png HTTP/1.1" 404 202 "-" "MobileSafari/8616.2.9.10.13 CFNetwork/1485 Darwin/23.1.0"
124.217.188.121 - - [09/Dec/2023:17:26:21 +0800] "GET /apple-touch-icon-120x120.png HTTP/1.1" 404 197 "-" "MobileSafari/8616.2.9.10.13 CFNetwork/1485 Darwin/23.1.0"
124.217.188.121 - - [09/Dec/2023:17:26:21 +0800] "GET /favicon.ico HTTP/1.1" 404 183 "http://innoutwinecellar.com/webadmin/login.php" "Mozilla/5.0 (iPhone; CPU iPhone OS 17_1_2 like Mac OS X) AppleWebKit/605.1.15 (KHTML, like Gecko) Version/17.1.2 Mobile/15E148 Safari/604.1"
124.217.188.121 - - [09/Dec/2023:17:26:21 +0800] "GET /apple-touch-icon-precomposed.png HTTP/1.1" 404 197 "-" "MobileSafari/8616.2.9.10.13 CFNetwork/1485 Darwin/23.1.0"
124.217.188.121 - - [09/Dec/2023:17:26:21 +0800] "GET /apple-touch-icon.png HTTP/1.1" 404 189 "-" "MobileSafari/8616.2.9.10.13 CFNetwork/1485 Darwin/23.1.0"
124.217.188.121 - - [09/Dec/2023:17:27:02 +0800] "POST /webadmin/login.php HTTP/1.1" 302 20 "http://innoutwinecellar.com/webadmin/login.php" "Mozilla/5.0 (iPhone; CPU iPhone OS 17_1_2 like Mac OS X) AppleWebKit/605.1.15 (KHTML, like Gecko) Version/17.1.2 Mobile/15E148 Safari/604.1"
124.217.188.121 - - [09/Dec/2023:17:27:02 +0800] "GET /webadmin/index.php HTTP/1.1" 302 20 "http://innoutwinecellar.com/webadmin/login.php" "Mozilla/5.0 (iPhone; CPU iPhone OS 17_1_2 like Mac OS X) AppleWebKit/605.1.15 (KHTML, like Gecko) Version/17.1.2 Mobile/15E148 Safari/604.1"
124.217.188.121 - - [09/Dec/2023:17:27:03 +0800] "GET /webadmin/mainpage.php HTTP/1.1" 200 2204 "http://innoutwinecellar.com/webadmin/login.php" "Mozilla/5.0 (iPhone; CPU iPhone OS 17_1_2 like Mac OS X) AppleWebKit/605.1.15 (KHTML, like Gecko) Version/17.1.2 Mobile/15E148 Safari/604.1"
124.217.188.121 - - [09/Dec/2023:17:27:03 +0800] "GET /webadmin/css/style.css HTTP/1.1" 200 1326 "http://innoutwinecellar.com/webadmin/mainpage.php" "Mozilla/5.0 (iPhone; CPU iPhone OS 17_1_2 like Mac OS X) AppleWebKit/605.1.15 (KHTML, like Gecko) Version/17.1.2 Mobile/15E148 Safari/604.1"
124.217.188.121 - - [09/Dec/2023:17:27:03 +0800] "GET /webadmin/js/jquery-ui-1.11.4/jquery-ui.css HTTP/1.1" 200 8291 "http://innoutwinecellar.com/webadmin/mainpage.php" "Mozilla/5.0 (iPhone; CPU iPhone OS 17_1_2 like Mac OS X) AppleWebKit/605.1.15 (KHTML, like Gecko) Version/17.1.2 Mobile/15E148 Safari/604.1"
124.217.188.121 - - [09/Dec/2023:17:27:03 +0800] "GET /webadmin/js/jquery-migrate-1.2.1.min.js HTTP/1.1" 200 3063 "http://innoutwinecellar.com/webadmin/mainpage.php" "Mozilla/5.0 (iPhone; CPU iPhone OS 17_1_2 like Mac OS X) AppleWebKit/605.1.15 (KHTML, like Gecko) Version/17.1.2 Mobile/15E148 Safari/604.1"
